t of d?
1
Let t be (2 + 0)*1*15/10. What is the hundreds digit of 20*9 - (-16)/(7 - t)?
1
Suppose 11 = 3*r - 5*u, 7*u = 4*u + 15. Suppose r + 6 = -2*h. What is the tens digit of (-165)/h + (-4)/12?
1
Suppose 0 = -58*n + 56*n + 1222. What is the tens digit of n?
1
Let w(k) be the second derivative of k**4/2 - k**3/2 - 11*k**2/2 + 17*k. What is the tens digit of w(-4)?
9
Suppose 3*m + 0*m - 21 = 0. Suppose -p + 208 = m*p. What is the tens digit of p?
2
Let h(g) = 20*g + 5 + 2 + 0. What is the units digit of h(2)?
7
Let m(r) be the third derivative of -r**5/30 + 5*r**4/12 + r**3/2 - r**2. Let h(v) be the first derivative of m(v). What is the tens digit of h(-6)?
3
Let z(i) = i**2 - 2*i - 3. Let a be z(0). Let d(r) = 8*r**2 - 2*r - 6. Let t be d(a). What is the units digit of (t/(-5))/(18/(-60))?
8
Suppose -4*c + 62 = p + 2, 4*c = -3*p + 60. Let l = c - 14. What is the units digit of l?
1
Suppose -4*i - 47 = 3*x, 4*i - x = -5*x - 52. Let h(k) = k**2 + 4*k - 10. Let r be h(i). Let u = -8 + r. What is the tens digit of u?
1
What is the tens digit of (-57 + (-2 - -1))/((-20)/30)?
8
Let h(g) be the third derivative of 31*g**4/24 + g**3/6 - g**2. Let u be h(1). Let b = u + -7. What is the units digit of b?
5
Let n(c) = 2*c**2 + 15*c - 2. Let w be -1*33*(4 + (-44)/12). What is the tens digit of n(w)?
7
Let m(f) be the first derivative of f**4/4 - 5*f + 8. Let z be m(0). What is the tens digit of (z/(-1))/(2/16)?
4
Suppose -143*j - 35379 = -152*j. What is the tens digit of j?
3
Suppose 7*u + 37 = 1479. What is the hundreds digit of u?
2
Let p(y) = 12*y**2 - 11*y - 16. What is the units digit of p(-6)?
2
Let j = 582 + -231. Suppose -4*f = 31 - j. Suppose -5*z + 5*i = -f, -5*z + i = 4*i - 40. What is the tens digit of z?
1
Let w(m) be the first derivative of 3*m**2 - 2*m + 3. Let n = -1 + 6. What is the tens digit of w(n)?
2
Let h be 2 - (-3 + -2 + -23). Suppose 5*a + 0*a = -2*n - 6, -a - n - 3 = 0. Suppose a = -b + 4*b - h. What is the units digit of b?
0
Let j(a) = 42*a**3 - 2*a**2 - 6*a + 9. What is the tens digit of j(3)?
0
Let a(q) be the second derivative of q**3/6 + 11*q**2/2 - 9*q. Let p be a(-8). Suppose p*z - 12 = 24. What is the units digit of z?
2
Suppose -6*y - 366 = 270. Let l = 55 - y. What is the hundreds digit of l?
1
Let x = -11 - -20. Suppose x*m = 14*m + 10. Let z(w) = 7*w**2 + w - 2. What is the tens digit of z(m)?
2
What is the thousands digit of (4 + 21748/8)*(-8)/(-6)?
3
Suppose 3*r + 7 - 13 = 0. Suppose q - 5*k = 118, -2*q + r*k = -52 - 160. What is the tens digit of q?
0
Suppose -3*f = -15 - 6. Let m(p) = f - 1 + 12 - 2*p - p**3 + p. What is the tens digit of m(0)?
1
Let f(a) = 2*a**2 + 162. What is the tens digit of f(0)?
6
Suppose -12*z + 727 = -3461. What is the hundreds digit of z?
3
Let t = 1572 + -659. What is the tens digit of t?
1
Let a = -2628 + 4413. What is the tens digit of a?
8
Let l(s) = 372*s**2 + 13*s - 12. What is the units digit of l(1)?
3
Let o be (-1174)/(-18) + (84/(-54))/7. Suppose -3*a + 422 = o. What is the hundreds digit of a?
1
Suppose 5*o = 4*n - 3*n + 24, 4*o - 3*n = 28. Let i be (11/(-33))/(((-12)/9)/(-4)). Let h = o - i. What is the units digit of h?
5
Let y be 6/3 - (-5)/(-9 - -4). What is the hundreds digit of (y + -2)/(3 - (-2254)/(-749))?
1
Let h = -3547 - -5000. What is the units digit of h?
3
Suppose z = -z + 4, 3*h - 3*z - 852 = 0. Suppose -5*r + m + 313 = -h, 4*m = 5*r - 611. What is the units digit of r?
9
Let w(u) = -17*u - 2. Let p be w(4). Let f = 25 - p. What is the tens digit of f?
9
Suppose 0 = 2*g + 2*h + 66, g + 3*h + 17 + 12 = 0. Suppose -w - 158 = -3*k, -w + 214 = 4*k - 4*w. Let b = k + g. What is the tens digit of b?
1
Let f be (-1 - 2/4)*-2. Let r be 7 + (f - 2 - -1). Suppose -10*x = -r*x - 29. What is the units digit of x?
9
Let j(s) = s**2 + 17*s + 59. What is the hundreds digit of j(22)?
9
Suppose 34*d + 911 = 35*d. What is the hundreds digit of d?
9
Let i(c) = c**3 + 13*c**2 - 1. Let b be i(-13). Let a be 7/(-7) - b*3. What is the units digit of (-3)/a*140/(-30)?
7
Let t = 17 - 15. Let j(z) = -2 - 5*z**2 + t*z - 5*z**3 + 3*z + 6*z**3. What is the units digit of j(5)?
3
Let r(w) = -33*w**2 - 9*w + 12. Let q be r(-4). Let k = q - -734. What is the hundreds digit of k?
2
Let r be (-2968)/12 - ((-4)/(-6) + 0). Let v = -49 - r. What is the tens digit of v?
9
Suppose 7*d = 2*p + 13166, 5*p - 402 = -d + 1500. What is the thousands digit of d?
1
Let c(k) = -k + 3. Let h be c(-10). Let l = -1 + h. What is the units digit of (-97)/(-3) + (-4)/l?
2
Let p(t) = t**3 + 9*t**2 + 10*t - 1. Let f be p(-7). Let r = -13 + f. Let o = r - -47. What is the units digit of o?
1
Suppose 77931 = 20*c + 43*c. What is the units digit of c?
7
Let u(o) = -o**3 - 5*o**2 - 3*o + 22. What is the units digit of u(-11)?
1
Suppose 2*y - 63 = -3*b, 0 = 3*y + 2*y - 5*b - 170. Suppose 0 = 4*g - 2*a - 60, 3*a + 2*a = g - y. What is the tens digit of g?
1
Suppose -5*t + 461 = 2*r, 5*r + 78 - 1274 = 2*t. What is the hundreds digit of r?
2
Let r(n) be the third derivative of -n**5/60 + 3*n**4/8 + n**3/6 + 6*n**2. Let u be r(8). Suppose 5*g - 155 = -5*l, -2*g = g + u. What is the units digit of l?
4
Suppose 5*n - 4*v = 552, -2*n + 31 = -4*v - 197. What is the tens digit of n?
0
Let y = -86 + 93. What is the units digit of (-1226)/(-8) + 1*y/(-28)?
3
Let z be 3/((-6)/(-2)) - -3. Suppose 0 = -z*m + 9 + 7. Suppose 45 = 9*x - m*x. What is the units digit of x?
9
Suppose -1 = 3*b + 2. Let u be (-8)/(-4)*(-3 - 1). Let m = b - u. What is the units digit of m?
7
Let v(z) = -z**3 + 10*z**2 - 4 - z**2 - 7*z - 1. Let u be v(8). Suppose 4 = -2*i + 3*j - u, -j = 3*i - 17. What is the units digit of i?
4
Let k(p) = 2*p**3 + 9*p**2 + 4*p - 8. Let y be k(-6). Let j = 319 + y. Suppose j = 3*n + 32. What is the tens digit of n?
4
Let o = -87 + 72. What is the units digit of 10/o*819/(-6)?
1
Let s(d) = 24*d + 159. What is the units digit of s(23)?
1
Let z = 211 + -109. Let u be 4/(-4)*-3 - z. What is the units digit of (3 + u/6)*-2?
7
Let c = 100 - 100. Suppose 7*n - 5*n - 306 = c. What is the tens digit of n?
5
Let f be 3/2*(-4 + 6). Suppose 12 = 3*w - 2*c, -w - 2*c - 1 = f. What is the units digit of (w/4)/((-2)/(-20))?
5
Let u(y) = y**2 - 7*y - 1. Let p be u(6). What is the tens digit of ((-70)/(-4))/((7/(-10))/p)?
7
Suppose -3*i - 3 = -9. Let u(s) = 4*s**i - 1 + 0*s**2 + s**2 + 2*s. What is the tens digit of u(2)?
2
Let c(z) = 11*z**3 - 2*z**2 + 6*z - 2. What is the tens digit of c(3)?
9
Suppose 5316 - 1487 = 7*h. What is the hundreds digit of h?
5
Let z(c) = -c**2 - 20*c - 49. What is the units digit of z(-15)?
6
Suppose -2 = -4*g + 14. Let l be 5/(g/24 + 0). Suppose -l = -5*h - 0*h. What is the units digit of h?
6
Suppose -139042 = -27*r - 11*r. What is the units digit of r?
9
Suppose 0 = 4*f - 3*s - 1174, -2*f + 0*f - 5*s + 600 = 0. Suppose 617 = 2*k - n, 4*n = -0*k - k + f. What is the tens digit of k?
0
What is the tens digit of (-9 + 23)/2 - -1480?
8
Let n(l) = 10*l - 6. Let c be n(-16). Let g = c + 391. What is the units digit of g?
5
Suppose 5*l + 4*a - 212 = 0, 2*a + 51 = l + 3. What is the tens digit of ((-2)/4)/((-2)/l)?
1
Let o(m) = 131*m + 806. What is the units digit of o(18)?
4
Suppose -3*s - s + 584 = 0. Let p = -49 + s. What is the units digit of p?
7
Suppose -49*x + 52201 + 62116 = 0. What is the tens digit of x?
3
Let c be (-10)/(-45) - (-860)/18. Let f = -6 + c. Let y = f + -22. What is the tens digit of y?
2
Let f = 680 - -375. What is the tens digit of f?
5
Suppose n + 4*k = 4*n, 5*k - 15 = 0. Suppose -w + 146 = -4*p, -n*w + 0*p = 2*p - 602. What is the units digit of w?
0
Suppose 32*o - 96374 - 16842 = 0. What is the tens digit of o?
3
Let z = 1369 + 509. What is the tens digit of z?
7
Suppose t - 41 = 362. Suppose 2*f + m = t, 4*m = -3*f + 6*f - 588. What is the units digit of f?
0
Let v = 84 - 69. Suppose m - v - 27 = 4*o, -3*m = 5*o - 177. What is the units digit of m?
4
Let b = 212 + -81. Suppose 74 = 5*z - b. Let i = z - -15. What is the units digit of i?
6
Suppose -3*v - 1275 = -3*s - 0*s, -2115 = -5*s - 5*v. Let a = s + -254. What is the units digit of a?
0
Let q(w) = -w**3 - 5*w**2 + 14*w + 2. Let v be q(-7). Suppose 2*i - i = v. What is the units digit of i?
2
What is the units digit of (-77898)/(-